 of 73553?
5
What is the thousands digit of 1572?
1
What is the tens digit of 29985?
8
What is the tens digit of 2461?
6
What is the hundreds digit of 63229?
2
What is the hundreds digit of 1076?
0
What is the units digit of 4890?
0
What is the units digit of 947?
7
What is the units digit of 3261?
1
What is the hundreds digit of 793?
7
What is the units digit of 147222?
2
What is the hundreds digit of 2461?
4
What is the thousands digit of 1068?
1
What is the hundreds digit of 913?
9
What is the hundreds digit of 55426?
4
What is the hundreds digit of 796?
7
What is the ten thousands digit of 23461?
2
What is the tens digit of 4926?
2
What is the tens digit of 3033?
3
What is the units digit of 859?
9
What is the hundreds digit of 8159?
1
What is the units digit of 1183?
3
What is the thousands digit of 2342?
2
What is the tens digit of 4050?
5
What is the hundreds digit of 189?
1
What is the hundreds digit of 268?
2
What is the hundreds digit of 4661?
6
What is the ten thousands digit of 32290?
3
What is the hundreds digit of 6690?
6
What is the thousands digit of 22568?
2
What is the units digit of 590?
0
What is the units digit of 8782?
2
What is the thousands digit of 7610?
7
What is the tens digit of 9890?
9
What is the units digit of 6506?
6
What is the hundreds digit of 724?
7
What is the units digit of 45344?
4
What is the hundreds digit of 2442?
4
What is the units digit of 4775?
5
What is the hundred thousands digit of 178933?
1
What is the thousands digit of 7735?
7
What is the hundreds digit of 166?
1
What is the hundreds digit of 821?
8
What is the hundreds digit of 33451?
4
What is the units digit of 123667?
7
What is the hundreds digit of 93671?
6
What is the ten thousands digit of 14622?
1
What is the hundreds digit of 449?
4
What is the units digit of 476?
6
What is the units digit of 1478?
8
What is the tens digit of 42119?
1
What is the units digit of 6362?
2
What is the units digit of 27233?
3
What is the units digit of 2780?
0
What is the thousands digit of 20662?
0
What is the thousands digit of 1631?
1
What is the ten thousands digit of 10442?
1
What is the tens digit of 2365?
6
What is the hundreds digit of 136507?
5
What is the units digit of 8920?
0
What is the units digit of 125452?
2
What is the thousands digit of 18777?
8
What is the units digit of 70?
0
What is the units digit of 1706?
6
What is the thousands digit of 77713?
7
What is the thousands digit of 19331?
9
What is the tens digit of 528?
2
What is the hundreds digit of 759?
7
What is the units digit of 1933?
3
What is the units digit of 134?
4
What is the hundreds digit of 781?
7
What is the ten thousands digit of 21378?
2
What is the tens digit of 191?
9
What is the tens digit of 2228?
2
What is the thousands digit of 11357?
1
What is the hundreds digit of 813?
8
What is the thousands digit of 2121?
2
What is the units digit of 4892?
2
What is the units digit of 124902?
2
What is the hundreds digit of 320?
3
What is the units digit of 1908?
8
What is the tens digit of 1896?
9
What is the tens digit of 4537?
3
What is the ten thousands digit of 157122?
5
What is the hundreds digit of 708?
7
What is the thousands digit of 2121?
2
What is the tens digit of 940?
4
What is the units digit of 726?
6
What is the units digit of 127299?
9
What is the units digit of 798?
8
What is the units digit of 9277?
7
What is the hundreds digit of 1102?
1
What is the hundreds digit of 5043?
0
What is the hundreds digit of 1661?
6
What is the tens digit of 14691?
9
What is the thousands digit of 3250?
3
What is the tens digit of 1187?
8
What is the hundreds digit of 269?
2
What is the tens digit of 76445?
4
What is the thousands digit of 11746?
1
What is the tens digit of 2486?
8
What is the units digit of 68131?
1
What is the hundreds digit of 834?
8
What is the tens digit of 6751?
5
What is the tens digit of 9330?
3
What is the units digit of 1448?
8
What is the hundreds digit of 8154?
1
What is the tens digit of 1632?
3
What is the units digit of 535?
5
What is the hundreds digit of 1300?
3
What is the hundreds digit of 40453?
4
What is the tens digit of 36593?
9
What is the units digit of 3770?
0
What is the tens digit of 32004?
0
What is the thousands digit of 12483?
2
What is the thousands digit of 18372?
8
What is the units digit of 22519?
9
What is the units digit of 890?
0
What is the hundreds digit of 319?
3
What is the thousands digit of 36750?
6
What is the hundreds digit of 25413?
4
What is the thousands digit of 1143?
1
What is the ten thousands digit of 84603?
8
What is the ten thousands digit of 40606?
4
What is the tens digit of 3113?
1
What is the units digit of 4765?
5
What is the ten thousands digit of 13655?
1
What is the tens digit of 77?
7
What is the thousands digit of 2187?
2
What is the units digit of 70?
0
What is the units digit of 17871?
1
What is the units digit of 26588?
8
What is the hundreds digit of 2292?
2
What is the tens digit of 1261?
6
What is the hundreds digit of 21816?
8
What is the hundreds digit of 21809?
8
What is the hundreds digit of 7417?
4
What is the hundreds digit of 9648?
6
What is the hundreds digit of 41295?
2
What is the units digit of 5?
5
What is the tens digit of 1568?
6
What is the hundreds digit of 70273?
2
What is the units digit of 46155?
5
What is the hundreds digit of 6263?
2
What is the hundreds digit of 18484?
4
What is the tens digit of 5989?
8
What is the hundreds digit of 1268?
2
What is the tens digit of 18690?
9
What is the units digit of 50362?
2
What is the thousands digit of 3511?
3
What is the units digit of 30?
0
What is the thousands digit of 19320?
9
What is the hundreds digit of 1968?
9
What is the thousands digit of 112690?
2
What is the hundreds digit of 611?
6
What is the hundreds digit of 486?
4
What is the tens digit of 46118?
1
What is the units digit of 7391?
1
What is the ten thousands digit of 111889?
1
What is the tens digit of 1364?
6
What is the thousands digit of 36870?
6
What is the thousands digit of 15750?
5
What is the units digit of 199?
9
What is the thousands digit of 14136?
4
What is the tens digit of 9017?
1
What is the ten thousands digit of 42071?
4
What is the thousands digit of 3278?
3
What is the thousands digit of 5749?
5
What is the tens digit of 3330?
3
What is the units digit of 9140?
0
What is the thousands digit of 2586?
2
What is the units digit of 92?
2
What is the units digit of 13593?
3
What is the hundreds digit of 59310?
3
What is the hundreds digit of 49162?
1
What is the units digit of 1939?
9
What is the hundreds digit of 26024?
0
What is the tens digit of 526?
2
What is the hundred thousands digit of 154986?
1
What is the hundreds digit of 153961?
9
What is the thousands digit of 36325?
6
What is the units digit of 1314?
4
What is the hundreds digit of 12246?
2
What is the units digit of 1563?
3
What is the units digit of 6831?
1
What is the thousands digit of 1059?
1
What is the hundreds digit of 9409?
4
What is the units digit of 2290?
0
What is the hundreds digit of 60958?
9
What is the hundreds digit of 885?
8
What is the units digit of 6980?
0
What is the tens digit of 7823?
2
What is the tens digit of 2493?
9
What is the hundreds digit of 13507?
5
What is the units digit of 5603?
3
What is the thousands digit of 9001?
9
What is the units digit of 7249?
9
What is the hundred thousands digit of 113278?
1
What is the thousands digit of 149008?
9
What is the hundreds digit of 81963?
9
What is the tens digit of 8609?
0
What is the hundreds digit of 102?
1
What is the tens digit of 4610?
1
What is the units digit of 183354?
4
What is the units digit of 323?
3
What is the hundreds digit of 2052?
0
What is the units digit of 78501?
1
What is the hundreds digit of 1765?
7
What is the hundreds digit of 1001?
0
What is the thousands digit of 76011?
6
What is the thousands digit of 8448?
8
What is the units digit of 371?
1
What is the units digit of 12290?
0
What is the hundreds digit of 164?
1
What is the hundreds digit of 8603?
6
What is the ten thousands digit of 144785?
4
What is the units digit of 1389?
9
What is the thousands digit of 4258?
4
What is the thousands digit of 1524?
1
What is the thousands digit of 85497?
5
What is the hundreds digit of 